{"id":48,"date":"2014-12-29T11:30:41","date_gmt":"2014-12-29T11:30:41","guid":{"rendered":"http:\/\/themes.muffingroup.com\/be\/hosting\/?page_id=48"},"modified":"2026-04-02T12:44:13","modified_gmt":"2026-04-02T12:44:13","slug":"kontakt","status":"publish","type":"page","link":"http:\/\/www.mobilatak.net\/web\/kontakt\/","title":{"rendered":"Kontakt"},"content":{"rendered":"\n<div id=\"metaslider-id-486\" style=\"width: 100%; margin: 0 auto;\" class=\"ml-slider-3-107-0 metaslider metaslider-flex metaslider-486 ml-slider hide-slideshow-smartphone hide-caption-smartphone ms-theme-simply-dark nav-hidden\" role=\"region\" aria-label=\"Prvy_Kontakt\" data-height=\"400\" data-width=\"1200\">\n    <div id=\"metaslider_container_486\">\n        <div id=\"metaslider_486\">\n            <ul aria-live='off' class='slides'>\n                <li style=\"display: block; width: 100%;\" class=\"slide-487 ms-image \" aria-roledescription=\"slide\" data-date=\"2026-04-02 12:16:53\" data-filename=\"tumisu-contact-us-4193401_1280-1280x426.jpg\" data-slide-type=\"image\"><img loading=\"lazy\" decoding=\"async\" src=\"http:\/\/www.mobilatak.net\/web\/wp-content\/uploads\/2026\/04\/tumisu-contact-us-4193401_1280-1280x426.jpg\" height=\"400\" width=\"1200\" alt=\"pripojenie vr\u00e1ble a okolie\" class=\"slider-486 slide-487 msDefaultImage\" title=\"pripojenie vr\u00e1ble a okolie\" \/><div class=\"caption-wrap\"><div class=\"caption\"><div>Na\u0161e kontaktn\u00e9 inform\u00e1cie<\/div><\/div><\/div><\/li>\n            <\/ul>\n        <div class='flex-progress-bar'><\/div>\n        <\/div>\n        \n    <\/div>\n<\/div>\n","protected":false},"excerpt":{"rendered":"Na\u0161e kontaktn\u00e9 inform\u00e1cie","protected":false},"author":1,"featured_media":0,"parent":0,"menu_order":0,"comment_status":"open","ping_status":"closed","template":"","meta":{"footnotes":""},"class_list":["post-48","page","type-page","status-publish","hentry"],"_links":{"self":[{"href":"http:\/\/www.mobilatak.net\/web\/wp-json\/wp\/v2\/pages\/48","targetHints":{"allow":["GET"]}}],"collection":[{"href":"http:\/\/www.mobilatak.net\/web\/wp-json\/wp\/v2\/pages"}],"about":[{"href":"http:\/\/www.mobilatak.net\/web\/wp-json\/wp\/v2\/types\/page"}],"author":[{"embeddable":true,"href":"http:\/\/www.mobilatak.net\/web\/wp-json\/wp\/v2\/users\/1"}],"replies":[{"embeddable":true,"href":"http:\/\/www.mobilatak.net\/web\/wp-json\/wp\/v2\/comments?post=48"}],"version-history":[{"count":2,"href":"http:\/\/www.mobilatak.net\/web\/wp-json\/wp\/v2\/pages\/48\/revisions"}],"predecessor-version":[{"id":491,"href":"http:\/\/www.mobilatak.net\/web\/wp-json\/wp\/v2\/pages\/48\/revisions\/491"}],"wp:attachment":[{"href":"http:\/\/www.mobilatak.net\/web\/wp-json\/wp\/v2\/media?parent=48"}],"curies":[{"name":"wp","href":"https:\/\/api.w.org\/{rel}","templated":true}]}}